 - s = 2*s - 39, 5*s - 29 = -3*g. What is the tens digit of g?
1
Let o = 300 - 312. Let z be (5 - -1)/((-2)/8). Let t = o - z. What is the tens digit of t?
1
Suppose -4 = -5*p - 1824. What is the units digit of 2/(-3) + p/(-42)?
8
Let v(i) = -i**3 + 7*i**2 + 5. Let r be v(7). Suppose 0*y + o = -y + 5, 5*o - r = -y. What is the units digit of y*1*(6 - 5)?
5
Suppose 17*w - 14892 = -0*w. What is the hundreds digit of w?
8
Let b be 3*((-75)/(-9))/(-5). Let t(h) = 7 - 5*h + 3288*h**2 - 3276*h**2 + 4*h + 2*h**3. What is the units digit of t(b)?
2
Let a(v) = -v**2 + 8*v - 1. Let h(f) = -f**2 - 9*f - 10. Let o be h(-6). Let m be a(o). Let c = m - -10. What is the units digit of c?
9
Let o = -9 - -13. Let u(m) = 16*m - 12. What is the units digit of u(o)?
2
Let o = 33 + -21. What is the units digit of (8/o + -1)*-18?
6
Suppose 5*s - 23 = 2*k, 5*s + 4*k + 3 - 2 = 0. Suppose s*c + 5*j = 21, 4*c = -c - 2*j + 16. What is the units digit of c?
2
Suppose 90 + 30 = 5*g. Suppose 3*u - g = -3*n + u, 4*n = -3*u + 33. What is the units digit of (-3)/(-9) - (-130)/n?
2
Let c(n) = 24*n**2 - 26*n - 56. What is the units digit of c(-6)?
4
Suppose 0 = -8*o + 27 + 5. Let t be o + -4*(-15)/4. Suppose a - 54 - t = 0. What is the tens digit of a?
7
Let k be (-9)/(-5) + 1/5. What is the tens digit of (k*11)/((-7)/(-28))?
8
Let o(x) be the second derivative of -x**4/12 - x**3/3 - 3*x**2/2 + 3*x. Let y be o(0). What is the tens digit of y - (4 + 2*-17)?
2
Let i be 2/(-4) - 166/4. Suppose 0 = -4*d + 4, -8895 = 4*h + d - 272. What is the units digit of 4/(-3) + h/i?
0
Suppose d - a + 68 = 0, -5*d - 4*a + 2*a = 326. Let x = -26 - d. What is the units digit of x?
0
Let g = -82 - -12. Let m be 7 - g - (-3 - -1). What is the tens digit of (m - 1)*(-11)/(-22)?
3
Suppose 15*s = 13*s + 8. Suppose 5 = 4*o - 3. Suppose p + 35 = 2*w, o*w - s*w - 2*p = -50. What is the units digit of w?
0
What is the units digit of 3/(-4) + ((-13409)/(-44) - -11)?
5
Let c = -35 + 34. Let b be (c/(-2))/((-10)/240). What is the units digit of ((-92)/b)/((-3)/(-9))?
3
Suppose 3*y - 12 = -3. Suppose 5*f = -2*t + 28, 0 = -y*t - 3*f + 8 + 16. Suppose t*s = -7 + 135. What is the units digit of s?
2
Suppose -3*o + 238 = -5*o. Let z = o - -64. What is the units digit of (z/20)/((-1)/12)?
3
Suppose -p + y + 2*y + 20 = 0, -3*p = 2*y - 16. Let g = p - 6. What is the tens digit of 67 - (3 + -5)/g?
6
Let d be ((-5)/(20/16))/((-2)/49). Suppose 4*l + d = a, -3*l - 39 + 224 = 2*a. What is the units digit of a?
4
Let y = -245 + 881. What is the tens digit of y?
3
Suppose q + 0 = 2, 3*b - 4*q - 7783 = 0. What is the units digit of b?
7
Let x be 219*(0 + (-3)/(-9)). Suppose 0 = -c + x + 17. Suppose -6 + c = 4*p. What is the units digit of p?
1
Suppose -k - 7 = 3*v - 6*k, 3*k - 9 = -3*v. What is the units digit of v?
1
Suppose 0 = -3*k + 97 + 188. What is the tens digit of k?
9
What is the hundreds digit of 13 - 20 - (-3354 + -4)?
3
Let c = -416 + 768. Suppose 0 = -7*z - z + c. What is the tens digit of z?
4
Suppose -18 = -5*p - 78. Let x = p + 16. Suppose 2*w + 5*a - 73 = 0, 3*w + 8*a - 99 = x*a. What is the tens digit of w?
2
Let m be (3/(-3))/((-7)/651). Let b = m - 51. Let r = 74 - b. What is the units digit of r?
2
Suppose 2*i + 11 = -3*l, 0 = 8*l - 3*l - 15. Let d(g) = -g**3 - 9*g**2 + 11*g - 7. Let w be d(i). Let o = 20 + w. What is the units digit of o?
3
Let o = 1336 + -838. What is the units digit of o?
8
Let d(r) = -2*r**3 + r**2 - 2*r + 1. Suppose -2*n - 2*n = -64. Suppose n + 2 = -9*v. What is the units digit of d(v)?
5
Suppose 13*q - p + 2534 = 18*q, 2*q = -2*p + 1020. What is the tens digit of q?
0
Let z = 1070 - 638. Suppose -4*i = -3*b + 254, 2*i = -0*b - 5*b + z. What is the tens digit of b?
8
Let z(f) = 403*f + 158. What is the units digit of z(2)?
4
Suppose -3*f + 5334 = -4*z, 4*z - 4263 = -3*f + 1071. What is the tens digit of f?
7
Suppose -3*z + 298 = n, -z + 3*z = -4*n + 192. Let w = z - 50. What is the units digit of w?
0
Suppose -8*w = -2*w - 12. Let k = -8 + 16. What is the tens digit of w + (-4)/k*-26?
1
Let n = 64 + -18. Suppose 0 = -d + n + 12. What is the tens digit of d?
5
Let z(p) = -p**3 + 230. Let u be z(0). Suppose 5*d = -45 + u. Let l = d - 24. What is the tens digit of l?
1
Let n = 11435 - 6591. What is the thousands digit of n?
4
Let r be -4 + 20/5 + 237. Suppose -r + 35 = -5*w + 3*u, -w = 4*u - 45. What is the units digit of w?
1
Let d(q) = -q - 17. Let l(v) = -v**3 - 6*v**2 + 2*v - 1. Let b be l(-6). Let p be d(b). What is the tens digit of (-68)/(-7) - p/14?
1
Let t = -20 - -23. Suppose 10 = t*n - 2*x + 2, -n + 2 = -x. Let a = 32 + n. What is the tens digit of a?
3
Suppose 0 = k + 1238 - 1407. What is the hundreds digit of k?
1
Let a(y) = 49*y + 2. Let d(g) = -195*g - 7. Let s(k) = -9*a(k) - 2*d(k). What is the units digit of s(-2)?
8
Let w = 45 - 29. Suppose -w = -2*z + 6*z, -4*z + 24 = 2*f. Suppose 0 = -y - 5, -22 = -k + y + f. What is the units digit of k?
7
Let q(b) = 304*b - 169. What is the tens digit of q(7)?
5
Suppose 4*t = 15*v - 12*v - 768, 5*v = -5*t + 1245. What is the tens digit of v?
5
Suppose 4*n + 3*n - 84 = 0. Suppose -33 = n*i - 9*i. Let u = i - -37. What is the tens digit of u?
2
Let b(w) = 2*w**3 - 5*w**2 - 6*w - 12. Let p be b(10). Let h be p/(-18) - 2/(-6). Let q = -52 - h. What is the tens digit of q?
2
Let s(f) = -2*f**2 - 46*f + 57. Let n be s(-24). Let p(k) = k**3 - 8*k**2 - 11*k + 31. What is the units digit of p(n)?
3
Let h be 6/((-2)/((-8)/3)). Let f(b) = b**2 - b - 11. Let q be f(h). Suppose -6*y = -q - 33. What is the units digit of y?
3
Let c be (11 + 7)*16/(-6). Let b be (c/15)/4*-5. Suppose t + 22 + 61 = b*g, 2*t = -g + 32. What is the tens digit of g?
2
Let q be (-441)/42*20/(-6). Suppose -30*l + q*l - 990 = 0. What is the hundreds digit of l?
1
Let k(a) = -2*a**3 - 5*a**2 + 2*a - 2. Let j be k(-3). What is the units digit of -1*-1*(30 - j)?
9
Let a(b) = 15*b + 60. Let d(m) = 3*m + 12. Let n(t) = -5*a(t) + 24*d(t). Let x be n(-5). What is the units digit of x/(9/(-3)) - -27?
6
Let r(z) be the third derivative of z**7/5040 + z**6/720 - z**5/15 + 2*z**2. Let a(h) be the third derivative of r(h). What is the units digit of a(6)?
7
Suppose 0 = -5*v - 20, 602 = -s - 2*v + 1707. What is the units digit of s?
3
Suppose 22*w - 3870 = 13*w. What is the hundreds digit of w?
4
Let l = -12 - -7. Let r(w) = 2*w**3 + 4*w**2 - w - 3. Let g be r(-3). Let q = l - g. What is the units digit of q?
3
Suppose 0 = 4*f - 5*h - 2071, 3*h = -f - h + 544. Suppose 4*w + 44 - f = 0. What is the units digit of w?
0
Suppose b - 8 = -2*c + 4, 3*b - 2*c - 20 = 0. What is the units digit of -22*(-2)/b*2 - -2?
3
Suppose 35*d - 265 = 30*d. What is the units digit of d?
3
Suppose 0 - 8 = -4*b. Suppose -3*c + z = -c - 367, -b*z - 550 = -3*c. What is the units digit of c?
4
Suppose 0 = 4*m - 9*m - 4*q + 167, -5*q = -m + 45. Suppose -290 = -t - m. What is the units digit of t?
5
Let l(z) be the second derivative of -11*z**3/2 - 13*z**2/2 + 22*z. What is the tens digit of l(-1)?
2
Let o = -1 + -2. Let p be o/6*2 - 5. Let c(z) = -z**2 - 9*z + 4. What is the tens digit of c(p)?
2
Let c be ((-12)/15)/((-2)/5). Suppose -n - c = -3. Suppose 3*o + n = 4*o. What is the units digit of o?
1
Suppose -8094 = -46*j + 27*j. What is the units digit of j?
6
Suppose 4*g - 1552 = -n, 0*n + 3*g - 7777 = -5*n. What is the tens digit of n?
5
Suppose -269 = -5*j - 3*l + l, 0 = -5*j - 5*l + 275. Suppose j*k - 56*k = -228. What is the units digit of k?
6
Suppose 0 = -4*d + 4*u + 876, -5*u - 721 = -4*d + 151. Suppose 6*p = 461 + d. What is the units digit of p?
4
Let z = -88 - 128. Let l = -114 - z. What is the hundreds digit of l?
1
What is the tens digit of 62/(-93) + (-10622)/(-3)?
4
Suppose -4*k + 5*g = -0*g - 43, k + 2*g - 27 = 0. Let y = 43 - k. What is the units digit of y?
6
Let t = -738 + 445. Let h = t - -414. What is the tens digit of h?
2
Let a(h) = h + 7. Let k be a(-4). Suppose 4*r = -0*r - k*j - 4, 4*r + 32 = 4*j. What is the units digit of ((-15)/(-4))/(-5)*r?
3
Let j(u) = 3*u**3 + 4*u + 11*u - u**3 - 14*u**2 - 3*u**3 + 5. Let f be j(-15). Suppose f*a + 67 - 197 = 0. What is the units digit of a?
6
Let a = 25 + 69. Suppose a + 28 = b. What is the units digit of b?
2
Let a = 56 + -31. Let h(z)